.
318
What is the remainder when 122 is divided by 21?
17
What is the remainder when 558 is divided by 33?
30
What is the remainder when 102 is divided by 89?
13
What is the remainder when 715 is divided by 44?
11
Calculate the remainder when 669 is divided by 318.
33
Calculate the remainder when 528 is divided by 133.
129
What is the remainder when 222 is divided by 181?
41
Calculate the remainder when 940 is divided by 43.
37
What is the remainder when 2541 is divided by 53?
50
Calculate the remainder when 2801 is divided by 21.
8
What is the remainder when 1151 is divided by 128?
127
What is the remainder when 715 is divided by 30?
25
What is the remainder when 259 is divided by 29?
27
What is the remainder when 326 is divided by 68?
54
Calculate the remainder when 195 is divided by 33.
30
Calculate the remainder when 1697 is divided by 170.
167
What is the remainder when 128 is divided by 21?
2
Calculate the remainder when 998 is divided by 30.
8
Calculate the remainder when 352 is divided by 92.
76
What is the remainder when 10 is divided by 5?
0
What is the remainder when 78 is divided by 30?
18
Calculate the remainder when 851 is divided by 6.
5
Calculate the remainder when 25 is divided by 9.
7
What is the remainder when 181 is divided by 84?
13
Calculate the remainder when 44 is divided by 15.
14
Calculate the remainder when 102 is divided by 23.
10
What is the remainder when 39 is divided by 7?
4
Calculate the remainder when 117 is divided by 6.
3
What is the remainder when 5470 is divided by 20?
10
What is the remainder when 25 is divided by 8?
1
Calculate the remainder when 165 is divided by 71.
23
Calculate the remainder when 58 is divided by 23.
12
What is the remainder when 886 is divided by 96?
22
What is the remainder when 4137 is divided by 517?
1
What is the remainder when 432 is divided by 4?
0
What is the remainder when 1253 is divided by 113?
10
Calculate the remainder when 108 is divided by 3.
0
Calculate the remainder when 853 is divided by 45.
43
Calculate the remainder when 1031 is divided by 7.
2
What is the remainder when 269 is divided by 18?
17
What is the remainder when 434 is divided by 74?
64
Calculate the remainder when 1868 is divided by 10.
8
Calculate the remainder when 173 is divided by 69.
35
What is the remainder when 2759 is divided by 2759?
0
What is the remainder when 798 is divided by 9?
6
What is the remainder when 9896 is divided by 300?
296
Calculate the remainder when 187 is divided by 48.
43
Calculate the remainder when 857 is divided by 86.
83
What is the remainder when 3007 is divided by 17?
15
Calculate the remainder when 597 is divided by 232.
133
Calculate the remainder when 286 is divided by 135.
16
What is the remainder when 18 is divided by 12?
6
What is the remainder when 996 is divided by 40?
36
What is the remainder when 853 is divided by 24?
13
What is the remainder when 546 is divided by 181?
3
What is the remainder when 116 is divided by 31?
23
Calculate the remainder when 8644 is divided by 188.
184
Calculate the remainder when 17 is divided by 3.
2
Calculate the remainder when 686 is divided by 639.
47
What is the remainder when 4226 is divided by 222?
8
What is the remainder when 1488 is divided by 19?
6
What is the remainder when 173 is divided by 40?
13
What is the remainder when 28 is divided by 28?
0
What is the remainder when 47 is divided by 28?
19
Calculate the remainder when 90 is divided by 17.
5
What is the remainder when 1373 is divided by 17?
13
What is the remainder when 1376 is divided by 5?
1
What is the remainder when 3672 is divided by 25?
22
Calculate the remainder when 268 is divided by 66.
4
Calculate the remainder when 125 is divided by 6.
5
What is the remainder when 111 is divided by 24?
15
What is the remainder when 7828 is divided by 50?
28
What is the remainder when 524 is divided by 10?
4
Calculate the remainder when 1260 is divided by 626.
8
What is the remainder when 1780 is divided by 15?
10
Calculate the remainder when 466 is divided by 119.
109
Calculate the remainder when 2213 is divided by 139.
128
What is the remainder when 104 is divided by 26?
0
Calculate the remainder when 782 is divided by 9.
8
What is the remainder when 4961 is divided by 146?
143
Calculate the remainder when 5 is divided by 3.
2
Calculate the remainder when 567 is divided by 19.
16
What is the remainder when 50 is divided by 18?
14
What is the remainder when 69 is divided by 44?
25
What is the remainder when 966 is divided by 176?
86
What is the remainder when 338 is divided by 85?
83
What is the remainder when 667 is divided by 390?
277
Calculate the remainder when 277 is divided by 88.
13
What is the remainder when 198 is divided by 102?
96
What is the remainder when 276 is divided by 70?
66
What is the remainder when 131 is divided by 25?
6
Calculate the remainder when 86 is divided by 20.
6
What is the remainder when 619 is divided by 118?
29
What is the remainder when 420 is divided by 15?
0
Calculate the remainder when 749 is divided by 6.
5
What is the remainder when 80 is divided by 35?
10
Calculate the remainder when 8032 is divided by 65.
37
What is the remainder when 123 is divided by 42?
39
Calculate the remainder when 194 is divided by 18.
14
What is the remainder when 376 is divided by 21?
19
Calculate the remainder when 3566 is divided by 55.
46
Calculate the remainder when 72 is divided by 17.
4
What is the remainder when 839 is divided by 24?
23
Calculate the remainder when 133 is divided by 23.
18
What is the remainder when 383 is divided by 65?
58
What is the remainder when 114 is divided by 9?
6
What is the remainder when 607 is divided by 42?
19
Calculate the remainder when 66 is divided by 10.
6
What is the remainder when 157 is divided by 2?
1
Calculate the remainder when 561 is divided by 57.
48
Calculate the remainder when 2111 is divided by 8.
7
Calculate the remainder when 107 is divided by 26.
3
What is the remainder when 296 is divided by 101?
94
Calculate the remainder when 43247 is divided by 61.
59
What is the remainder when 1374 is divided by 27?
24
Calculate the remainder when 238 is divided by 77.
7
What is the remainder when 318 is divided by 81?
75
What is the remainder when 1046 is divided by 30?
26
What is the remainder when 208 is divided by 46?
24
Calculate the remainder when 41648 is divided by 267.
263
Calculate the remainder when 3134 is divided by 14.
12
What is the remainder when 385 is divided by 13?
8
Calculate the remainder when 3020 is divided by 179.
156
Calculate the remainder when 159 is divided by 141.
18
Calculate the remainder when 1783 is divided by 303.
268
Calculate the remainder when 672 is divided by 61.
1
What is the remainder when 27 is divided by 22?
5
What is the remainder when 471 is divided by 43?
41
Calculate the remainder when 256 is divided by 166.
90
What is the remainder when 29 is divided by 16?
13
What is the remainder when 19868 is divided by 6620?
8
What is the remainder when 219 is divided by 3?
0
Calculate the remainder when 420 is divided by 3.
0
Calculate the remainder when 204 is divided by 41.
40
Calculate the remainder when 58 is divided by 26.
6
Calculate the remainder when 307 is divided by 103.
101
Calculate the remainder when 1901 is divided by 35.
11
Calculate the remainder when 140 is divided by 69.
2
Calculate the remainder when 3236 is divided by 28.
16
What is the remainder when 626 is divided by 126?
122
What is the remainder when 724 is divided by 91?
87
Calculate the remainder when 24 is divided by 15.
9
Calculate the remainder when 617 is divided by 61.
7
Calculate the remainder when 360 is divided by 25.
10
What is the remainder when 383 is divided by 16?
15
Calculate the remainder when 64 is divided by 33.
31
What is the remainder when 1819 is divided by 14?
13
What is the remainder when 81497 is divided by 282?
281
What is the remainder when 679 is divided by 11?
8
What is the remainder when 82499 is divided by 110?
109
What is the remainder when 3061 is divided by 23?
2
What is the remainder when 1161 is divided by 36?
9
What is the remainder when 529 is divided by 334?
195
Calculate the remainder when 399 is divided by 131.
6
Calculate the remainder when 3014 is divid